- (0 + 0 - -5).
-4
What is the value of 1 + 2 - (6 + -1)?
-2
What is 4 - (-4 - (2 - (-2 + 11)))?
1
What is the value of -6 + (6 - 0 - (-36 - -34))?
2
1 + 8 + 1 + (-8 - -5)
7
-1 - (-1 + -1) - (20 - 17)
-2
What is 6 + (8 - (6 - 0) - 0)?
8
What is 4 - (2 - (-4 + 2)) - 4?
-4
What is the value of (-9 - -2) + 2 + 3?
-2
What is 2 + -14 - (-22 - -16)?
-6
1 + -7 + 4 + 3 + 1
2
What is the value of -3 + -1 + 1 - (2 - 4)?
-1
What is 3 + (-1 - (-7 - -8 - -3))?
-2
What is -394 + 395 + -1 + (-7 - -1)?
-6
(2 - -2 - 0) + (-1 - 0)
3
Evaluate -4 + 1 + 4 + (0 - 5).
-4
What is the value of 10 - (2 - (0 - 8))?
0
What is (-9 - -15) + -8 + 0?
-2
What is 1 + -7 - -2 - (9 + -9)?
-4
What is 5 - ((-6 - -5) + 6)?
0
What is (3 - (5 + -4)) + 3?
5
Calculate 0 + 2 + -3 - -5.
4
Evaluate -4 + 8 + 0 - 4.
0
What is the value of 1 - 0 - (1 - 4)?
4
-3 + 6 + -7 + -1
-5
What is (7 - 14 - -11) + -3?
1
What is the value of -3 + 0 + 0 + -1?
-4
What is 1 + 5 - (-76 - -86)?
-4
What is 25 - 4 - (9 - -1)?
11
Evaluate 2 + (0 - 1 - 2).
-1
What is -16 + 15 - (-3 - 0)?
2
What is the value of 0 + 1 + (0 - (1 + -1))?
1
What is the value of 14 + 5 + -16 + 5?
8
Evaluate -6 + -2 + (2 - (2 - 0)).
-8
(10 - -1) + (-5 - (9 + -7))
4
Calculate 6 + -3 + 0 + 1.
4
-11 + 10 + -4 - (4 + -7)
-2
Evaluate 7 + (3 - (-12 + 15)).
7
What is 11 + -6 + -7 - 0?
-2
Evaluate 1 + (-3 - (5 - 3)).
-4
-10 - (8 - 15) - (-2 - 4)
3
Evaluate (1 + 2 - 4) + 7 + -3.
3
What is 2 + 1 - ((26 - 16) + -12)?
5
Evaluate (4 - -4) + (-7 - (7 + -12)).
6
1 + 1 + -2 + 2
2
What is -4 + 5 - -5 - (1 - -5)?
0
What is 3 - (-9 - -17 - (6 + -1))?
0
Evaluate -4 + 4 + -4 + 1.
-3
What is 1 + -1 - (0 - -2)?
-2
What is the value of (-3 - -2 - -5) + (6 - 8)?
2
Calculate 11 + 1 - ((-27 - -19) + 16).
4
Calculate 3 - (2 - (-3 - (8 + -6))).
-4
7 + -1 - (13 - 11)
4
What is 1 - (-2 - -3) - 3?
-3
-2 + 9 + 2 + -5
4
What is -2 - (1 + -2 + 2 + -3)?
0
What is the value of 1 + -4 + 4 + (1 - -2)?
4
Calculate 7 + -1 + 27 + -28 - -3.
8
Evaluate -5 + (-1 - (-6 + 6)) + 5.
-1
(-3 - (-5 + 3)) + 8
7
What is the value of (3 - 0 - 5) + (6 - -1)?
5
What is -12 + (-7 - (7 - 23))?
-3
Calculate 5 + (10 - 9 - (-1 - -4)).
3
Calculate 4 + 3 + (-3 - 3 - 0).
1
Calculate 16 - 6 - 3 - 11 - -6.
2
Evaluate (24 - 22) + (0 - -5).
7
Calculate -5 - (1 + 0 + -4).
-2
1 + -5 + (16 - (6 + 11))
-5
What is -6 + 16 + -6 + 6?
10
What is the value of 0 + 0 - (34 + -27) - 4?
-11
Calculate 2 + 5 + (1 - (-5 + 11)).
2
Calculate 4 + (21 - 25 - (0 - -1)).
-1
Evaluate 6 + (-1 - -1) + -6 + 4.
4
(1 + -1 - (-7 - -3)) + 2
6
(0 - 8) + 8 - (0 + 1)
-1
Evaluate 4 + -1 + 3 + (1 - 3).
4
What is (3 - 5) + -13 - -10?
-5
Calculate 2 + 5 - 4 - -1.
4
Calculate (-1 - 3) + (-5 - -11 - 7).
-5
Evaluate -21 + 3 - -10 - -3.
-5
-2 - (2 + -6) - 4 - 2
-4
What is the value of 1 - 5 - (-1 - 2)?
-1
Evaluate (6 - -10 - 10) + 4 + -11.
-1
What is the value of 14 + -1 - (10 + 5 + -7)?
5
(2 - (3 + -5)) + -1
3
7 + 4 + (-6 - 2)
3
Calculate 4 + -8 + 0 + (-1 - -2).
-3
What is -8 + (-4 - (-15 - (2 - 7)))?
-2
What is the value of (-6 - (11 + -15)) + 2 + -1?
-1
Calculate 1 + 0 - -5 - (384 - 372).
-6
Evaluate (-1 - 1) + 46 + -44 - 8.
-8
0 + (1 - -3) + (3 - 0)
7
What is the value of 2 - (10 + -6) - (3 - 10)?
5
3 - (1 + 5 - 1) - 2
-4
Evaluate 2 - (5 - 0 - 1).
-2
Evaluate (9 - 8) + (-8 - (2 - 5)).
-4
What is the value of -4 + 1 + (1 - (13 + -11))?
-4
What is the value of -3 + 4 + 0 + -6?
-5
Evaluate (0 + 7 - 3) + -7.
-3
8 + -12 + 8 + -1 + -1
2
What is 1 + (-8 - (-14 + 1))?
6
What is (-1 + 9 - 9) + -5?
-6
Calculate 2 - (1 + -1) - 0 - 4.
-2
Calculate -2 + 5 + -3 + 1 + 0.
1
-2 + -4 + (-3 + 5 - -5)
1
Evaluate -3 + 8 - -2 - 12.
-5
Evaluate -25 + 24 + 1 + -7 + 2.
-5
Evaluate 7 + -9 - (-2 + -4).
4
Evaluate (-2 - 3 - -5) + 3.
3
What is the value of -3 - (6 - 3) - -8?
2
Evaluate 9 - 12 - (1 + -2 - -2).
-4
What is the value of (-6 - -2) + (-5 - -13)?
4
-4 + 7 + -2 - 4
-3
What is 4 - ((-4 - -3) + 9 - 3)?
-1
What is the value of 0 + -2 - (1 + -3 - 4)?
4
What is 1 - (14 + (-2 - 2) + -5)?
-4
What is the value of 8 + 4 + -9 + (2 - 1)?
4
Evaluate -2 - (3 + 0 + -7 - -1).
1
1 + (-4 + -5 - -7)
-1
Calculate -5 - (-7 + 4 - -2) - 1.
-5
What is 0 + -1 + (-7 + 2 - -4)?
-2
What is (2 + -3 - 3) + -1 + 10?
5
Evaluate (6 - 13) + 6 + 7.
6
Evaluate (-14 - -26 - (0 + 6)) + -6.
0
Calculate (5 - -1 - 3 - -2) + -5.
0
1 + 3 + 1 - 8
-3
Evaluate -5 + 4 - (-2 + 0).
1
2 + 7 + -16 - -8
1
What is -1 - (9 + -6 - (6 - 0))?
2
What is the value of (13 - 4) + -7 - -5?
7
What is -12 + (1 - (-5 + 2)) + 15?
7
Calculate (20 - 9) + (-2 - -1).
10
What is 9 + (-5 + 6 - 7)?
3
(-14 - -1) + 112 + -105
-6
Calculate -3 + (-4 + -3 - (1 + -5)).
-6
Calculate -11 + 11 + (1 - -3).
4
Evaluate 0 - -4 - (-4 - -13) - -6.
1
Evaluate 1 - -1 - (1 - 2) - 6.
-3
What is the value of 0 + -3 + 4 - (5 + -9)?
5
Evaluate (-2 - -2) + 8 + -10.
-2
-1 + 4 - (4 + -1 + -4)
4
Evaluate (-9 - -6) + 8 + -9.
-4
Evaluate -6 + 6 + 1 + -5.
-4
(-3 - 4) + 6 + 4
3
What is the value of -22 - -29 - (9 + -2)?
0
Calculate (-5 - (10 - 14)) + 1 + 1.
1
What is the value of -7 + -1 - (4 + -10)?
-2
What is the value of (13 - 7) + 2 + -5?
3
-10 - -9 - (-2 - 3)
4
Calculate 0 + -1 + 1 - 7.
-7
What is -1 + -2 + 4 + 2 + -6?
-3
Evaluate 4 + -4 + -1 + 4 + 3.
6
Calculate -2 + (0 - -1) - (4 - 1).
-4
Evaluate (-3 - -1) + -63 + 70.
5
5 + -7 + (-3 - -1)
-4
What is the value of (3 - 0) + 1 + -12?
-8
What is (-9 - (13 - 15)) + 15 + 0?
8
What is the value of 5 + -1 - (0 + 0 - 0)?
4
Calculate (0 - 1) + (-7 - -10) + -7.
-5
What is the value of 4 - (8 + -4 + -2)?
2
What is -3 + (-11 - -20) - 6?
0
Evaluate 3 + -2 - (-4 + 1).
4
Evaluate (-4 - 0) + 1 + 8.
5
What is the value of 6 + -6 + -3 + -2?
-5
What is the value of 1 + 7 + -40 + 35?
3
What is the value of 6 + -11 + 3 + 6?
4
Evaluate 3 + -7 - (-2 + 2).
-4
Evaluate 2 - (6 - (3 + 4)).
3
What is (11 + -6 - -2) + -3?
4
(-9 - (-2 - 14)) + -8
-1
(-22 - -12 - -15) + 2
7
(2 - 0) + (-2 - -1 - 3)
-2
Calculate -2 - ((0 - (-3 + 6)) + 4).
-3
Calculate -4 - -4 - -8 - 3.
5
What is the value of (-3 - (-6 + -3)) + (-1 - 1)?
4
Calculate 0 + -3 + (5 - 1).
1
Calculate (-4 - -1) + (83 - 88).
-8
What is -1 + 1 + (0 - 4)?
-4
What is the value of -2 + (-8 - (0 + -4)) + 8?
2
6 + 1 - 1 - (-311 + 324)
-7
(-12 - -7) + 8 + 1
4
Evaluate -2 + 7 + (-5 - 4) - -9.
5
13 + 0 + (4 - 11)
6
-2 - (-3 - (-7 - -6))
0
Evaluate 4 + 7 + -2 + -3 + -1.
5
-2 + 2 + -6 + (6 - 6)
-6
What is -12 - -12 - (-7 - -2 - -2)?
3
What is -82 - -89 - (2 + 8)?
-3
What is 7 - ((17 - 10) + (-4 - -1))?
3
34 + -38 - (-3 + (-6 - 0))
5
-1 + -2 + (2 - 4)
-5
Evaluate -5 - ((7 - 22) + 5).
5
Calculate -5 + 2 + 0 + -2.
-5
What is the value of -1 - (3 - 0 - 2)?
-2
4 + 0 + 1 - 7
-2
What is -2 + (7 - 15) + 8?
-2
2 + (5 - (-2 + 10))
-1
Calculate -37 + 38 + 1 + 3.
5
What is -5 + 0 + (-3 - -5)?
-3
-3 - (-1 + (-8 - (2 - 4)))
4
What is the value of -1 + -1 + 7 - (3 + 6)?
-4
Evaluate (-3 - (7 - 6) - -5) + -6.
-5
What is the value of 17 + -17 - (3 + 0)?
-3
What is the value of 7 - 2 - (-7 - -7)?
5
Calculate 5 - (4 + -7 + (10 - 1)).
-1
4 - (4 + -7 - -4) - 4
-1
What is the value of -1 + 3 + -11 + 12?
3
What is 7 + (-7 - -6) - 2?
4
What is 2 - -1 - (0 + 1)?
2
What is 0 - -6 - (18 - 11) - 2?
-3
Calculate (-1 - (6 + -14)) + (-2 - 2).
3
Calculate (1 - 1) + -2 - (0 + 1).
-3
Calculate (-8 - (-9 - -3)) + 0.
-2
(-2 - -4) + (5 - 2)
5
Calculate -19 + (14 - 1) - (1 + 2).
-9
What is 8 + -7 + 5 - 12?
-6
What is (12 - 12) + 6 - 15?
-9
What is -2 + (8 - 2) + -1?
3
Evaluate 1 + 4 + -2 + -4.
-1
(-1 - (-14 - -1)) + (53 - 60)
5
Evaluate -1 + 3 + 2 - -1.
5
Calculate 0 + 5 + (12 - (3 + 10)).
4
What is the value of (-2 - -5 - -3 - -1) + 0?
7
What is -6 + (1 - -6) - -1?
2
What is the value of 5 + (3 - 7) + 4?
5
What is the value of 1 + (-6 - ((2 - 4) + -7))?
4
-5 - -13 - 2 - 7
-1
Calculate (-1 + 1 - -4) + -2.
2
What is the value of 4 - (8 - (2 - 0))?
-2
Evaluate 14 + (-2 - 5) - 0.
7
-9 - -9 - (4 - 5)
1
Evaluate (-2 - (5 + -1)) + 5 + -6.
-7
What is 2 + -3 - ((2 - 2) + -6)?
5
What is the value of -6 - -1 - (45 - 51)?
1
Calculate (-3 - (-2 - -2)) + 1.
-2
What is (-13 - 1) + 2 - (167 + -173)?
-6
Evaluate 1 + 0 - 1 - (-3 - -5).
-2
What is the value of -1 + 6 + (14 - (2 - -9))?
8
-1 - -5 - (-1 + 7)
-2
Calculate 4 + (8 - 8) + 3 + 1.
8
What is 1 + -1 + (3 - (2 - 2))?
3
-8 - 2 - (26 - 12 - 16)
-8
What is (16 + -1 - 5) + -1?
9
9 + -13